{"id":2,"date":"2020-04-02T14:52:45","date_gmt":"2020-04-02T14:52:45","guid":{"rendered":"http:\/\/www.atlanticajuegos.com\/juegos\/?page_id=2"},"modified":"2026-02-27T08:03:30","modified_gmt":"2026-02-27T08:03:30","slug":"blog","status":"publish","type":"page","link":"https:\/\/www.atlanticajuegos.com\/juegos\/","title":{"rendered":"Blog"},"content":{"rendered":"<div class=\"et_pb_section_0 et_pb_section et_section_regular et_block_section et-pb-has-background-video et_pb_preload et_pb_section_parallax section_has_divider et_pb_bottom_divider\" id=\"blog-header\"><span class=\"et-pb-parallax-wrapper\"><span class=\"et-pb-parallax-background et-pb-parallax-background-module--divi-section-0\" style=\"background-image:url(https:\/\/www.atlanticajuegos.com\/juegos\/wp-content\/uploads\/2020\/04\/transparent.png)\"><\/span><\/span><span class=\"et-pb-background-video\"><video autoplay loop playsinline muted><source type=\"video\/mp4\" src=\"https:\/\/www.atlanticajuegos.com\/juegos\/wp-content\/uploads\/2020\/04\/Chess-Board-32384.mp4\" \/><\/video><\/span><div class=\"et_pb_row_0 et_pb_row et_block_row et_animated\"><div class=\"et_pb_column_0 et_pb_column et_pb_column_4_4 et-last-child et_block_column et_pb_css_mix_blend_mode_passthrough\"><div class=\"et_pb_text_0 et_pb_text et_pb_bg_layout_dark et_pb_module et_block_module et_pb_text_align_center\"><div class=\"et_pb_text_inner\"><h1>Noticias y Novedades<\/h1>\n<p>Toda la actualidad del mundo de los juegos y Atl\u00e1ntica<\/p>\n<\/div><\/div><div class=\"et_pb_module et_pb_button_module_wrapper et_pb_button_0_wrapper\"><a class=\"et_pb_button_0 et_pb_button et_pb_bg_layout_light et_pb_module et_block_module\" href=\"\">Subscribe<\/a><\/div><\/div><\/div><div class=\"et_pb_bottom_inside_divider et-no-transition\"><\/div><\/div><div class=\"et_pb_section_1 et_pb_section et_section_regular et_block_section\"><div class=\"et_pb_row_1 et_pb_row et_block_row\"><div class=\"et_pb_column_1 et_pb_column et_pb_column_4_4 et-last-child et_block_column et_pb_css_mix_blend_mode_passthrough\"><div class=\"et_pb_blog_0 et_pb_blog et_pb_bg_layout_light et_pb_posts et_pb_module\"><div class=\"et_pb_ajax_pagination_container\"><div class=\"et_pb_posts et_grid_module\"><article class=\"et_pb_post et_pb_post_id_23 clearfix et_pb_blog_item_0_0 post-23 post type-post status-publish format-standard has-post-thumbnail hentry category-noticias\"><div class=\"et_pb_image_container\"><a href=\"https:\/\/www.atlanticajuegos.com\/juegos\/2020\/03\/29\/actualizacion-de-venta-online\/\" class=\"entry-featured-image-url\"><img loading=\"lazy\" decoding=\"async\" src=\"https:\/\/www.atlanticajuegos.com\/juegos\/wp-content\/uploads\/2020\/04\/mantenemos-la-venta-online-01.jpg\" width=\"400\" height=\"284\" alt=\"Actualizaci\u00f3n de venta online\" class=\"\" srcset=\"https:\/\/www.atlanticajuegos.com\/juegos\/wp-content\/uploads\/2020\/04\/mantenemos-la-venta-online-01.jpg 479w, https:\/\/www.atlanticajuegos.com\/juegos\/wp-content\/uploads\/2020\/04\/mantenemos-la-venta-online-01-400x284.jpg 480w\" sizes=\"(max-width:479px) 479px, 100vw\" \/><span data-icon=\"\ue050\" class=\"et_overlay et_pb_inline_icon\"><\/span><\/a><\/div><h2 class=\"entry-title\"><a href=\"https:\/\/www.atlanticajuegos.com\/juegos\/2020\/03\/29\/actualizacion-de-venta-online\/\">Actualizaci\u00f3n de venta online<\/a><\/h2><p class=\"post-meta\">por <span class=\"author vcard\"><a href=\"https:\/\/www.atlanticajuegos.com\/juegos\/author\/kebes\/\" title=\"Entradas de kebes\" rel=\"author\">kebes<\/a><\/span> | <span class=\"published\">Mar 29, 2020<\/span> | <span class=\"entry-categories\"><a href=\"https:\/\/www.atlanticajuegos.com\/juegos\/category\/noticias\/\" rel=\"tag\">Noticias<\/a><\/span><\/p><div class=\"post-content\"><div class=\"post-content-inner\"><p>CONTINUAMOS LA VENTA ONLINE: A la vista del documento final del BOE, el comercio electr\u00f3nico sigue funcionando, corroborado por fuentes oficiales. Por tanto, olvidad nuestro anterior post. Os comunicamos que a partir de ma\u00f1ana volveremos con vosotros a seguir&#8230;<\/p>\n<\/div><\/div><\/article><article class=\"et_pb_post et_pb_post_id_20 clearfix et_pb_blog_item_0_1 post-20 post type-post status-publish format-standard has-post-thumbnail hentry category-novedades\"><div class=\"et_pb_image_container\"><a href=\"https:\/\/www.atlanticajuegos.com\/juegos\/2020\/03\/15\/nueva-seccion-de-juegos-solitarios\/\" class=\"entry-featured-image-url\"><img loading=\"lazy\" decoding=\"async\" src=\"https:\/\/www.atlanticajuegos.com\/juegos\/wp-content\/uploads\/2020\/04\/nueva-seccion-de-juegos-solitarios-01.jpg\" width=\"400\" height=\"271\" alt=\"Nueva seccion de juegos solitarios\" class=\"\" srcset=\"https:\/\/www.atlanticajuegos.com\/juegos\/wp-content\/uploads\/2020\/04\/nueva-seccion-de-juegos-solitarios-01.jpg 479w, https:\/\/www.atlanticajuegos.com\/juegos\/wp-content\/uploads\/2020\/04\/nueva-seccion-de-juegos-solitarios-01-400x271.jpg 480w\" sizes=\"(max-width:479px) 479px, 100vw\" \/><span data-icon=\"\ue050\" class=\"et_overlay et_pb_inline_icon\"><\/span><\/a><\/div><h2 class=\"entry-title\"><a href=\"https:\/\/www.atlanticajuegos.com\/juegos\/2020\/03\/15\/nueva-seccion-de-juegos-solitarios\/\">Nueva seccion de juegos solitarios<\/a><\/h2><p class=\"post-meta\">por <span class=\"author vcard\"><a href=\"https:\/\/www.atlanticajuegos.com\/juegos\/author\/kebes\/\" title=\"Entradas de kebes\" rel=\"author\">kebes<\/a><\/span> | <span class=\"published\">Mar 15, 2020<\/span> | <span class=\"entry-categories\"><a href=\"https:\/\/www.atlanticajuegos.com\/juegos\/category\/novedades\/\" rel=\"tag\">Novedades<\/a><\/span><\/p><div class=\"post-content\"><div class=\"post-content-inner\"><p>\u00bfTienes que quedarte en casa? Hay muchos juegos que pueden acompa\u00f1arte a lo largo de las horas y dias que todos tenemos por delante. Visita nuestra secci\u00f3n de\u00a0Juegos Solitarios<\/p>\n<\/div><\/div><\/article><article class=\"et_pb_post et_pb_post_id_17 clearfix et_pb_blog_item_0_2 post-17 post type-post status-publish format-standard has-post-thumbnail hentry category-sin-categoria\"><div class=\"et_pb_image_container\"><a href=\"https:\/\/www.atlanticajuegos.com\/juegos\/2020\/03\/15\/tras-la-caida\/\" class=\"entry-featured-image-url\"><img loading=\"lazy\" decoding=\"async\" src=\"https:\/\/www.atlanticajuegos.com\/juegos\/wp-content\/uploads\/2020\/04\/tras-la-caida-01.jpg\" width=\"400\" height=\"284\" alt=\"Tras la caida\" class=\"\" srcset=\"https:\/\/www.atlanticajuegos.com\/juegos\/wp-content\/uploads\/2020\/04\/tras-la-caida-01.jpg 479w, https:\/\/www.atlanticajuegos.com\/juegos\/wp-content\/uploads\/2020\/04\/tras-la-caida-01-400x284.jpg 480w\" sizes=\"(max-width:479px) 479px, 100vw\" \/><span data-icon=\"\ue050\" class=\"et_overlay et_pb_inline_icon\"><\/span><\/a><\/div><h2 class=\"entry-title\"><a href=\"https:\/\/www.atlanticajuegos.com\/juegos\/2020\/03\/15\/tras-la-caida\/\">Tras la caida<\/a><\/h2><p class=\"post-meta\">por <span class=\"author vcard\"><a href=\"https:\/\/www.atlanticajuegos.com\/juegos\/author\/kebes\/\" title=\"Entradas de kebes\" rel=\"author\">kebes<\/a><\/span> | <span class=\"published\">Mar 15, 2020<\/span> | <span class=\"entry-categories\"><a href=\"https:\/\/www.atlanticajuegos.com\/juegos\/category\/sin-categoria\/\" rel=\"tag\">Sin categor\u00eda<\/a><\/span><\/p><div class=\"post-content\"><div class=\"post-content-inner\"><p>\u00abTras la ca\u00edda\u00bb es un juego de mesa cooperativo, de aventuras, en el que los jugadores tomar\u00e1n el control de peque\u00f1os roedores que intentan sobrevivir y prosperar en un mundo postapocal\u00edptico en el que los humanos han desaparecido misteriosamente. En cada sesi\u00f3n de&#8230;<\/p>\n<\/div><\/div><\/article><article class=\"et_pb_post et_pb_post_id_9 clearfix et_pb_blog_item_0_3 post-9 post type-post status-publish format-standard has-post-thumbnail hentry category-noticias\"><div class=\"et_pb_image_container\"><a href=\"https:\/\/www.atlanticajuegos.com\/juegos\/2020\/03\/14\/ponte-al-mando-de-los-ejercitos-de-poniente\/\" class=\"entry-featured-image-url\"><img loading=\"lazy\" decoding=\"async\" src=\"https:\/\/www.atlanticajuegos.com\/juegos\/wp-content\/uploads\/2020\/04\/eecmsi01_web_h_n_sp.png\" width=\"400\" height=\"284\" alt=\"Ponte al mando de los ej\u00e9rcitos de Poniente\" class=\"\" srcset=\"https:\/\/www.atlanticajuegos.com\/juegos\/wp-content\/uploads\/2020\/04\/eecmsi01_web_h_n_sp.png 479w, https:\/\/www.atlanticajuegos.com\/juegos\/wp-content\/uploads\/2020\/04\/eecmsi01_web_h_n_sp-400x284.png 480w\" sizes=\"(max-width:479px) 479px, 100vw\" \/><span data-icon=\"\ue050\" class=\"et_overlay et_pb_inline_icon\"><\/span><\/a><\/div><h2 class=\"entry-title\"><a href=\"https:\/\/www.atlanticajuegos.com\/juegos\/2020\/03\/14\/ponte-al-mando-de-los-ejercitos-de-poniente\/\">Ponte al mando de los ej\u00e9rcitos de Poniente<\/a><\/h2><p class=\"post-meta\">por <span class=\"author vcard\"><a href=\"https:\/\/www.atlanticajuegos.com\/juegos\/author\/kebes\/\" title=\"Entradas de kebes\" rel=\"author\">kebes<\/a><\/span> | <span class=\"published\">Mar 14, 2020<\/span> | <span class=\"entry-categories\"><a href=\"https:\/\/www.atlanticajuegos.com\/juegos\/category\/noticias\/\" rel=\"tag\">Noticias<\/a><\/span><\/p><div class=\"post-content\"><div class=\"post-content-inner\"><p>Canci\u00f3n de hielo y fuego el juego de miniaturas\u00a0es un juego competitivo para dos o m\u00e1s jugadores, en el que cada jugador controla una de las Grandes Casas de Poniente y da \u00f3rdenes a unidades en el campo de batalla, recluta h\u00e9roes y manipula la pol\u00edtica para intent&hellip;<\/p>\n<\/div><\/div><\/article><\/div><div class=\"pagination clearfix\">\n\t<div class=\"alignleft\"><\/div>\n\t<div class=\"alignright\"><\/div>\n<\/div><\/div><\/div><\/div><\/div><\/div><div class=\"et_pb_section_2 et_pb_section et_section_regular et_block_section et_pb_section_parallax\"><span class=\"et-pb-parallax-wrapper\"><span class=\"et-pb-parallax-background et-pb-parallax-background-module--divi-section-2\" style=\"background-image:url(https:\/\/www.atlanticajuegos.com\/juegos\/wp-content\/uploads\/2020\/04\/therapist-07.png)\"><\/span><\/span><div class=\"et_pb_row_2 et_pb_row et_block_row\"><div class=\"et_pb_column_2 et_pb_column et_pb_column_4_4 et-last-child et_block_column et_pb_css_mix_blend_mode_passthrough\"><div class=\"et_pb_text_1 et_pb_text et_pb_bg_layout_light et_pb_module et_block_module et_pb_text_align_center\"><div class=\"et_pb_text_inner\"><h2>Subscribe<\/h2>\n<\/div><\/div><div class=\"et_pb_signup_0 et_pb_signup et_pb_newsletter et_pb_subscribe et_pb_no_bg et_pb_newsletter_description_no_title et_pb_newsletter_description_no_content et_pb_bg_layout_light et_pb_module et_flex_module\"><div class=\"et_pb_newsletter_description et_multi_view_hidden\"><\/div><div class=\"et_pb_newsletter_form\"><form method=\"post\" class=\"\"><div class=\"et_pb_newsletter_result et_pb_newsletter_error\"><\/div><div class=\"et_pb_newsletter_result et_pb_newsletter_success\"><h2>Success!<\/h2><\/div><div class=\"et_pb_newsletter_fields et_flex_module\"><p class=\"et_pb_newsletter_field et_pb_contact_field_last et_pb_contact_field_last_tablet et_pb_contact_field_last_phone\"><label class=\"et_pb_contact_form_label\" for=\"et_pb_signup_email\" style=\"display: none;\">Correo Electr\u00f3nico<\/label><input class=\"input\" id=\"et_pb_signup_email\" type=\"text\" placeholder=\"Correo Electr\u00f3nico\" name=\"et_pb_signup_email\" \/><\/p><p class=\"et_pb_newsletter_button_wrap\"><a class=\"et_pb_button et_pb_newsletter_button\" href=\"#\"><span class=\"et_subscribe_loader\"><\/span><span class=\"et_pb_newsletter_button_text\">Subscribe<\/span><\/a><\/p><\/div><input type=\"hidden\" name=\"et_pb_signup_provider\" value=\"mailchimp\" \/><input type=\"hidden\" name=\"et_pb_signup_list_id\" value=\"26e9af0331\" \/><input type=\"hidden\" name=\"et_pb_signup_account_name\" value=\"elegantthemestest\" \/><input type=\"hidden\" name=\"et_pb_signup_ip_address\" value=\"true\" \/><input type=\"hidden\" name=\"et_pb_signup_checksum\" value=\"496937a103657025ccc296973e782870\" \/><\/form><\/div><\/div><\/div><\/div><\/div>","protected":false},"excerpt":{"rendered":"","protected":false},"author":1,"featured_media":0,"parent":0,"menu_order":0,"comment_status":"closed","ping_status":"closed","template":"","meta":{"footnotes":""},"class_list":["post-2","page","type-page","status-publish","hentry"],"_links":{"self":[{"href":"https:\/\/www.atlanticajuegos.com\/juegos\/wp-json\/wp\/v2\/pages\/2","targetHints":{"allow":["GET"]}}],"collection":[{"href":"https:\/\/www.atlanticajuegos.com\/juegos\/wp-json\/wp\/v2\/pages"}],"about":[{"href":"https:\/\/www.atlanticajuegos.com\/juegos\/wp-json\/wp\/v2\/types\/page"}],"author":[{"embeddable":true,"href":"https:\/\/www.atlanticajuegos.com\/juegos\/wp-json\/wp\/v2\/users\/1"}],"replies":[{"embeddable":true,"href":"https:\/\/www.atlanticajuegos.com\/juegos\/wp-json\/wp\/v2\/comments?post=2"}],"version-history":[{"count":6,"href":"https:\/\/www.atlanticajuegos.com\/juegos\/wp-json\/wp\/v2\/pages\/2\/revisions"}],"predecessor-version":[{"id":3369,"href":"https:\/\/www.atlanticajuegos.com\/juegos\/wp-json\/wp\/v2\/pages\/2\/revisions\/3369"}],"wp:attachment":[{"href":"https:\/\/www.atlanticajuegos.com\/juegos\/wp-json\/wp\/v2\/media?parent=2"}],"curies":[{"name":"wp","href":"https:\/\/api.w.org\/{rel}","templated":true}]}}